) = -351*b - 2074. What is g(-6)?
32
Let f(c) = -3*c**3 - 9*c**2 - 48*c - 123. Give f(-3).
21
Let a(v) = -612554*v - 6738093. Calculate a(-11).
1
Let s(w) = 2*w**2 + 1029*w + 94679. Give s(-120).
-1
Let q(p) = -p**2 - 6298*p + 18918. Determine q(3).
15
Let z(a) = a**3 + 170*a**2 - 473*a - 22181. What is z(-172)?
7
Let s(i) = -i**2 + 429111*i - 2574632. What is s(6)?
-2
Let u(q) = -28*q**2 + 983*q + 3832. Determine u(-4).
-548
Let b(j) = 31*j**3 + 19*j**2 + 71*j + 92. Give b(-3).
-787
Let s(r) = -2*r**2 + 200337*r - 400665. Calculate s(2).
1
Let o(q) = 14306*q - 886973. Give o(62).
-1
Let k(x) = -613*x - 11063. Determine k(-18).
-29
Let j(a) = 379*a + 76563. Give j(-202).
5
Let q(j) = 2*j**3 - 246*j**2 - 501*j - 22. Calculate q(-2).
-20
Let n(m) = -7*m + 217. Determine n(14).
119
Let u(c) = -86563*c - 1038761. Calculate u(-12).
-5
Let g(r) = 2605*r**2 - 2461*r - 23. Give g(1).
121
Let w(i) = -689*i**3 + 15159*i**2 - 4*i - 397. Calculate w(22).
-1
Let w(d) = 2*d**3 - 1379*d**2 + 6894*d - 241. What is w(5)?
4
Let j(q) = q**3 - 16*q**2 - 588*q + 9549. Calculate j(16).
141
Let w(v) = -v**3 - 61*v**2 - 480*v + 829. Determine w(-51).
-701
Let t(u) = 310*u + 866. Calculate t(-3).
-64
Let n(h) = 594*h + 52284. Give n(-88).
12
Let v(o) = 16*o + 2791. Determine v(-67).
1719
Let n(f) = -13*f**2 + 345*f - 1150. What is n(4)?
22
Let a(l) = -54*l**2 + 38*l - 72. Give a(2).
-212
Let m(r) = -5*r**3 - 137*r**2 - 703*r - 23. Calculate m(-23).
4508
Let z(r) = r**2 + 147*r + 571. Determine z(-4).
-1
Let m(o) = 23*o**2 - 25*o - 19. What is m(-1)?
29
Let j(h) = -2*h**2 - 1243*h - 137246. Give j(-478).
-60
Let f(s) = -3*s**3 - 2777*s**2 + 13912*s - 61. Give f(5).
-301
Let m(g) = -g**3 + 183*g**2 + 570*g - 2237. What is m(186)?
-5
Let k(x) = -2*x**3 + 186*x**2 - 214*x + 2738. Determine k(92).
-22
Let d(y) = y**3 + 5*y**2 + 169*y + 1057. Calculate d(-6).
7
Let g(l) = 157293*l - 943928. Give g(6).
-170
Let r(i) = 2*i**2 + 251*i + 475. Determine r(-122).
-379
Let y(b) = -b**2 + 26542*b + 9. Calculate y(0).
9
Let h(w) = 43939*w - 131859. Calculate h(3).
-42
Let j(s) = -8*s**3 - 16*s**2 + 34*s + 1. What is j(4)?
-631
Let a(y) = 2797*y - 1227893. Give a(439).
-10
Let a(f) = -48694*f - 14218652. What is a(-292)?
-4
Let g(j) = -17284*j - 1140587. Determine g(-66).
157
Let j(l) = -23*l**2 + 2410*l - 4046. Calculate j(103).
177
Let p(b) = -b**3 + 51*b**2 + 27670*b - 1204598. Calculate p(43).
4
Let g(u) = 19881*u - 119282. What is g(6)?
4
Let k(o) = -5*o**3 - 420*o**2 - 820*o + 26. Determine k(-82).
26
Let x(j) = j**3 - 163*j**2 + 1671*j + 118. Calculate x(152).
-34
Let s(q) = -2*q**2 - 268*q - 3303. Give s(-13).
-157
Let j(q) = -7392*q + 2358001. Determine j(319).
-47
Let b(x) = -24*x**2 - 6498*x + 1345. Calculate b(-271).
-281
Let t(i) = -22279*i**3 - 66838*i**2 - 4*i - 13. What is t(-3)?
-10
Let u(b) = -820*b - 12649. Calculate u(-17).
1291
Let j(b) = 14*b**3 - 289*b**2 + 1184*b + 13. Determine j(15).
-2
Let d(l) = -132*l**3 + 5*l**2 - 69*l - 144. Calculate d(-2).
1070
Let w(u) = 52*u**2 + 401*u - 2379. Give w(5).
926
Let r(o) = -o**2 - 6918*o - 62145. Calculate r(-9).
36
Let a(b) = -19*b**3 - 150*b**2 + 281*b + 39. Give a(2).
-151
Let u(l) = 182*l**2 - 2065*l - 8237. Calculate u(-4).
2935
Let w(s) = -29261*s - 87783. Determine w(-3).
0
Let d(b) = -b**3 + 341*b**2 - 632*b - 15591. Calculate d(339).
3
Let x(t) = t**3 - 43*t**2 - 18060*t + 12648. Give x(-115).
-2
Let o(m) = -54862*m - 932672. Determine o(-17).
-18
Let l(m) = -1665*m - 136473. Give l(-82).
57
Let b(c) = c**3 + 14*c**2 + 4729*c + 14093. What is b(-3)?
5
Let o(u) = 55*u + 1842. What is o(-47)?
-743
Let q(i) = -i**2 + 251*i - 10802. What is q(55)?
-22
Let n(k) = 504*k - 6695. Give n(14).
361
Let h(z) = -z**3 + 10*z**2 - 139*z + 365. Determine h(6).
-325
Let b(s) = s**3 - 50*s**2 - 44*s - 391. What is b(51)?
-34
Let i(l) = -29*l**3 + 2*l**2 - 20*l - 32. What is i(-2)?
248
Let m(v) = 19142*v + 18995. Give m(-1).
-147
Let p(v) = -863*v**3 - 2*v**2 - 2*v. Calculate p(-1).
863
Let f(q) = 65*q - 3061. Determine f(55).
514
Let d(q) = -207*q**2 + 96*q - 166. What is d(2)?
-802
Let m(w) = 352*w**2 - 1630*w - 3276. Determine m(-2).
1392
Let i(a) = -286*a**2 - 868*a + 870. Calculate i(1).
-284
Let o(q) = -5*q**2 + 15664*q - 78215. Determine o(5).
-20
Let b(f) = 2*f**3 + 38*f**2 - 2628*f - 267. Determine b(-47).
-455
Let k(b) = 1262*b + 46476. What is k(-38)?
-1480
Let l(m) = -m**2 + 158*m - 5313. Calculate l(110).
-33
Let t(d) = -d**3 - 5*d**2 - 74*d - 360. Determine t(-5).
10
Let y(o) = 158735*o + 7936755. What is y(-50)?
5
Let b(c) = 7*c**3 - 127*c**2 + 168*c - 2574. Determine b(18).
126
Let q(t) = -6*t**2 + 6065*t - 744600. What is q(143)?
1
Let l(g) = 1537*g + 9803. Determine l(-6).
581
Let d(c) = -c**2 + 901*c + 3620. What is d(-4)?
0
Let l(m) = -8*m**2 + 281*m - 6369. What is l(21)?
-3996
Let r(a) = 1014*a**2 - 165285*a + 493. Give r(163).
4
Let g(z) = 51951*z + 14857980. Determine g(-286).
-6
Let j(a) = -586*a - 1292. What is j(-1)?
-706
Let x(m) = 1035*m + 783. Calculate x(-2).
-1287
Let m(n) = -323*n**2 - 293538*n + 62726. Calculate m(-909).
5
Let a(t) = 2*t**3 + 1838*t**2 - 18570*t - 79. What is a(10)?
21
Let n(i) = 2*i**2 + 61*i - 267. Determine n(13).
864
Let w(g) = -25*g + 1682. Determine w(55).
307
Let p(s) = -24*s**3 - 7*s**2 - 3*s + 10. What is p(-3)?
604
Let i(f) = -7821*f + 281522. Calculate i(36).
-34
Let p(g) = -3*g**3 + 3205*g**2 + 35424*g - 5. What is p(-11)?
2129
Let o(g) = 2*g**3 - 46*g**2 - 9*g + 33. Determine o(24).
969
Let l(z) = z**3 - 525*z**2 + 17585*z + 679. Determine l(36).
-5
Let r(h) = 34*h**2 + 628*h + 2850. What is r(-11)?
56
Let d(z) = 4*z**3 + 3398*z**2 - 5203*z - 82537. Calculate d(-851).
10
Let c(l) = -160*l**2 - 1008*l + 8. Give c(-6).
296
Let a(m) = -m**2 - 14*m + 39322. Calculate a(-205).
167
Let m(j) = -1073*j + 9795. Calculate m(9).
138
Let p(u) = -5*u**3 - 41*u**2 + 120*u + 827. What is p(-9)?
71
Let t(z) = -21*z**2 - 285*z + 57460. Determine t(46).
-86
Let k(x) = 6*x**2 - 92*x - 1076. Calculate k(-10).
444
Let q(s) = -296*s - 145468. Determine q(-492).
164
Let g(n) = 16*n**2 + 735*n - 7615. Determine g(-55).
360
Let f(v) = v**2 - 13*v - 994. What is f(-34)?
604
Let n(m) = 24097*m - 72311. Calculate n(3).
-20
Let x(k) = -k**2 - 30613*k + 3472032. Determine x(113).
-6
Let n(o) = -25444*o - 25999. What is n(-1)?
-555
Let w(x) = -10689*x - 85521. Determine w(-8).
-9
Let o(k) = 2014*k + 18187. Give o(-9).
61
Let i(z) = 221278*z - 442426. Determine i(2).
130
Let v(k) = -k**3 + 37*k**2 + 75*k - 1220. Calculate v(38).
186
Let h(g) = 6239*g - 50060. Determine h(8).
-148
Let n(x) = -121*x**2 + 23312*x + 7910. Determine n(193).
-3
Let z(w) = 28*w**3 - 37*w**2 + 98*w - 88. Give z(4).
1504
Let k(n) = -6*n**3 + 96*n**2 + 3*n - 50. Determine k(16).
-2
Let r(g) = 4*g**2 - 908*g - 95161. Give r(-78).
-1
Let i(s) = -1916*s - 245254. What is i(-128)?
-6
Let u(v) = -8*v**2 - 416*v + 115604. Give u(97).
-20
Let n(f) = 324*f**2 + 2285*f + 2284. What is n(-1)?
323
Let q(v) = 636*v - 15189. Determine q(24).
75
Let a(z) = z**3 - 9*z**2 + 31*z + 951. What is a(-7)?
-50
Let f(g) = -g**3 + 41*g**2 + 107*g - 2125. What is f(42)?
605
Let j(s) = 3296*s + 79113. What is j(-24)?
9
Let c(s) = 30*s**2 - 623*s - 20. Determine c(20).
-480
Let k(h) = -4*h**3 - 80*h**2 - 186*h + 307. Calculate k(-17).
1
Let v(o) = 5*o**3 - 28*o**2 + o - 35. Calculate v(7).
315
Let f(j) = j**3 - 105*j**2 - 427*j + 34026. Determine f(106).
0
Let q(c) = c**2 - 5810*c + 299440. Calculate q(52).
24
Let d(t) = -3743*t**2 - 7500*t - 43. Give d(-2).
-15
Let z(r) = 146*r + 15500. Calculate z(-103).
462
Let s(i) = -i**2 - 2347*i + 16431. What is s(7)?
-47
Let u(n) = 4448*n - 57853. Give u(13).
-29
Let n(r) = -r**3 + r**2 - 159*r + 314. Determine n(2).
-8
Let i(f) = -2*f**3 - 442*f**2 - 5021*f - 1019. What is i(-209)?
26
Let b(g) = 7674*g + 30686. Determine b(-4).
-10
Let k(h) = -h**3 - 118*h**2 + 335*h - 3352. Calculate k(-121).
36
Let g(t) = -2*t**3 - 10*t**2 - 39940*t - 159724. Give g(-4).
4
Let u(m) = 3*m**3 + 400*m**2 + 924*m + 693. Give u(-131).
-224
Let o(w) = -476*w - 7720. Determine o(-17).
372
Let o(m) = -51*m**2 + 574*m - 550. Give o(1).
-27
Let h(y) = -1160*y**3 + 7*y**2 + 94*y + 88. Calculate h(-1).
1161
Let j(g) = g**2 + 211*g